
Suppose 5*y = -3*j + 21, -3*j - 1 + 22 = -3*y. Let k be 14/(-5)*(-15)/3. Suppose -t + j = -k. Is t a prime number?
False
Suppose q - 1406 - 249 = 0. Is q prime?
False
Let x be 0*1*2/2. Suppose -2*d - 4 = -x. Is (d - -4)/(-2)*-163 composite?
False
Let j = 110 + -27. Is j composite?
False
Let g(v) = 4*v**2 + 47*v. Is g(-19) prime?
False
Is ((-5)/15)/(2/(-678)) composite?
False
Let r = 4 - -4. Let m be (-6)/r - (-306)/24. Suppose -m = -t - 2*l, -32 = -t - l + 3*l. Is t composite?
True
Let p = -24 + 11. Is (-2 + 1)*-1 - p a composite number?
True
Let i = 679 - 48. Is i prime?
True
Let y be (-7)/1 - (1 - 1). Let l(g) = 3*g**2 + 4*g + 8. Is l(y) prime?
True
Let t(m) = 43*m**2 - 2*m + 2. Let i be t(2). Let h = i + -115. Is h a prime number?
False
Let u(x) = 5*x - 1. Let m(b) = -4*b + 1. Let j(g) = 6*m(g) + 5*u(g). Let l be j(-1). Suppose l = d - 6*d + 10. Is d prime?
True
Let w(u) = 4*u - 10. Is w(12) prime?
False
Let m(l) = 5*l + 13. Is m(8) a prime number?
True
Let j(z) = 19*z**3 + z**2 + z + 8. Is j(3) a prime number?
False
Let n(q) = 200*q**2 - q. Is n(1) a composite number?
False
Let j = 1684 + -1017. Is j composite?
True
Let u be ((-81)/(-54))/(6/(-32)). Let n(y) = 6 + 2*y + 2*y**2 + 6*y - 3. Is n(u) a composite number?
False
Suppose g + 4*s + 12 - 3 = 0, 5*s = 2*g - 34. Suppose -3*z + 312 = 2*y, -g - 323 = -3*z + 4*y. Is z composite?
True
Let l(u) = u**3 + 13*u**2 + 8*u - 6. Is l(-10) a prime number?
False
Let t(w) = 3*w + 7. Suppose 0 = -3*d + 1 - 16. Let x be t(d). Is 4/(-3)*84/x a prime number?
False
Let h = 180 + 74. Is h a prime number?
False
Let l = -405 + 568. Is l a composite number?
False
Is (11 + 622)*2/6 prime?
True
Let t = -5 - -10. Let k(n) = -n**3 - 3*n**2 + 3*n. Let l be k(-4). Suppose t*y + 5*x + 19 = 759, l*x - 741 = -5*y. Is y composite?
False
Let s = 13 + -9. Suppose -s*n = -3*n + 5. Let d(o) = -o**3 - 3*o**2 + 4*o - 4. Is d(n) prime?
False
Let z = 5 - 0. Suppose 5*c + 4*v + 740 = -101, 0 = -3*c + z*v - 512. Let y = 314 + c. Is y prime?
False
Let k(y) be the first derivative of -y**4/4 - 7*y**3/6 - 3*y**2/2 + 3. Let u(d) be the second derivative of k(d). Is u(-7) a prime number?
False
Is ((-2)/(-2))/(3/1191) a composite number?
False
Let q = 89 - 0. Is q a composite number?
False
Suppose -8 = 4*o, -4*d + 615 = -d - 3*o. Is d composite?
True
Let d(h) = -h**3 - h**2 + 3*h - 4. Let i be d(-3). Suppose -1029 = -i*w + 606. Is w a prime number?
False
Let k(d) = d**3 + 8*d**2 + 8*d + 2. Is k(-5) prime?
True
Suppose 0 = -3*q + 8*q + 3*i - 821, -q = 3*i - 169. Is q a prime number?
True
Suppose -w = o - 14, 6*w - 3*w = -o + 18. Let c be (8/6)/(2/o). Let d = 41 - c. Is d a composite number?
True
Let y = 0 + 0. Suppose b - 3*b + 262 = y. Is b a composite number?
False
Let j(g) be the first derivative of -g**6/120 - 7*g**5/60 + g**4/4 + 5*g**3/6 - g**2 - 2. Let f(v) be the second derivative of j(v). Is f(-8) prime?
False
Is 627 - (-3 + -1)*-1 a composite number?
True
Let w be (-2)/(-4) + (-81)/(-6). Suppose 25 = 3*v - 74. Let c = w + v. Is c composite?
False
Suppose 0 = 2*p + 392 - 1006. Is p prime?
True
Let f = -3 + 6. Let z be 3/(2/((-20)/f)). Is (66/z)/(2/(-10)) a prime number?
False
Let z(r) = r**2. Let i be z(2). Is (-1)/((-4)/(163*i)) a composite number?
False
Let c(r) = 3*r - 16. Let d be c(7). Suppose 0 = 3*w + 3, 547 = d*h - 2*w. Is h a prime number?
True
Suppose -4*q - 5*p = -348, 0*q + 348 = 4*q - 3*p. Is q prime?
False
Suppose -3*l + 0*v + 7 = v, l = 2*v. Suppose -3*m = -g + 104, -5*g + 2*g = 3*m - 252. Suppose g + 101 = l*r. Is r prime?
False
Let x(s) = 25*s**2 - 5*s - 3. Is x(-3) prime?
False
Suppose -2662 = -5*v - 417. Is v a prime number?
True
Let b(v) = v**3 + 7*v**2 + 3*v + 2. Let n be b(-9). Is (2 - n)/3 + 2 a prime number?
False
Let p(v) = 1. Let o(r) = -r**2 - r - 3. Let h(s) = o(s) + p(s). Let d be h(-2). Let n = 35 + d. Is n a prime number?
True
Let z(d) = d + 4. Let c be z(0). Let q be 0/c - -8*1. Suppose 5*w - 3*w + m - 22 = 0, 0 = -2*m - q. Is w a composite number?
False
Let v = 3 - 3. Suppose b = -3*c + 12, -3*c + 21 = 3*b + c. Suppose -f + 36 - b = v. Is f composite?
True
Let k(v) = v**2 - 8*v - 7. Let j(i) = i**3 - 3*i**2 + i. Let c be j(3). Suppose 4*b + 19 = -c*a - 2*a, -3*b - 5*a = 13. Is k(b) prime?
False
Suppose -6*g = -3450 - 1056. Is g a composite number?
False
Suppose 3*t - 4537 = 1922. Is t a composite number?
False
Let j = -411 - -718. Is j a composite number?
False
Suppose k - 101 = -4*k - 2*x, 4*x + 92 = 4*k. Let v be (k/(-9))/(1/(-3)). Let r(q) = -q**3 + 8*q**2 + 6*q - 8. Is r(v) a prime number?
True
Let p(z) = 9*z**2 + 5*z + 13. Is p(-6) prime?
True
Suppose -492 - 1439 = -m. Is m a composite number?
False
Let t(c) = 5*c**2 + 7*c + 5. Is t(-2) composite?
False
Suppose 5*n = 2*q + 107, 4*n - 46 = 4*q + 30. Let f = n + 16. Is f prime?
False
Let b(v) be the first derivative of 2 - 1/4*v**4 + 2*v**3 - v + 1/2*v**2. Is b(4) a composite number?
True
Suppose -a - 15 = -2*f + 4*a, 0 = 2*f + 5*a - 25. Let z be 5/(f/8)*-1. Is (1 - -15) + z/2 a prime number?
False
Suppose 3*m = x + 23 - 55, -3*m - 146 = -4*x. Is x prime?
False
Suppose 0 = -c + 2*c - q - 665, 0 = 5*c - 2*q - 3331. Is c composite?
True
Suppose w = 444 + 197. Is w a prime number?
True
Let h = 119 + 1640. Is h a prime number?
True
Suppose r + 2 - 5 = 0. Suppose -2*i + 2*s - r*s + 63 = 0, 4*i + 4*s - 116 = 0. Is i a prime number?
False
Let o(x) = 20*x**3 + 2*x**2 - 2*x + 1. Let h be o(2). Let y = h + 54. Let v = -116 + y. Is v a prime number?
True
Let g(h) = 194*h + 9. Is g(7) composite?
False
Let p(d) = 3*d**2 - 44*d + 23. Is p(21) a composite number?
True
Suppose -13 = -3*b - 73. Let d be b/15*(-2 - 1). Suppose -4*t = -h - 37, -4*t + 67 - 15 = d*h. Is t composite?
True
Suppose x = 3*x. Let p be (2/(-5))/(9/(-45)). Is (38/1)/p + x a composite number?
False
Suppose 3*c + 6 = 6*c. Suppose -213 = -c*s - s - 5*x, -x - 213 = -3*s. Is s composite?
False
Let b(h) = 3*h + 10. Let y be b(-12). Suppose -2*o + 22 = -3*a, -3*o + 8*o = 2*a + 55. Let c = o - y. Is c a composite number?
False
Suppose -2580 = -4*w + 4*g, -5*g = -5 - 5. Is w composite?
False
Let k = -7 + -9. Let g be -57*(k/(-6) - 2). Is (g - -1)/1*-1 composite?
False
Let b(a) = -a**2 + 20*a - 3. Suppose 2*u + 50 = 7*u. Is b(u) prime?
True
Let t(f) = -f + 3. Let h be t(0). Suppose -h*x = -785 + 245. Let r = -103 + x. Is r composite?
True
Suppose -5*c = 5*z + 155, -3*z + 5*c - 53 = -0*c. Let d = 7 - z. Is d a composite number?
True
Suppose 3*j = -w + 25, -2*j + 12 = -w + 2. Suppose -j = -4*d + 3*d. Suppose -4*q = -125 - d. Is q prime?
False
Let f(b) be the first derivative of 262*b**3/3 + b**2 - b - 3. Let q be ((-3)/(-6))/((-2)/(-4)). Is f(q) composite?
False
Suppose -2*c + 0*c = -4. Suppose -c*n + 3*n - 13 = 0. Is n prime?
True
Let d be (2*-1)/((-28)/1918). Let r = 348 + d. Is r composite?
True
Let f = 13 - 14. Is (-3 + f)*38/(-8) a composite number?
False
Let t(y) = -6*y + 0 - 2 - 4 + y**2. Is t(9) a composite number?
True
Suppose 5*a - 407 = 4*o, 0*a = 4*a - o - 330. Is a a prime number?
True
Let h = -3 - -4. Let o be 33/1*h/3. Is (-3 + 1)/((-2)/o) prime?
True
Is 0/1 + (376 - -3) a prime number?
True
Suppose 5*s - 2*s = 306. Let d = -2 + 6. Suppose k - s = -5*z, -5*k + 426 = d*z - 0*z. Is k composite?
True
Let y be (-51)/(2 + (-33)/15). Suppose -5*j = y - 1090. Is j a composite number?
False
Let k = 5 - 4. Is k*(49 - -2 - 2) prime?
False
Suppose 0 + 3 = 3*g, 5*g = -4*l + 7761. Suppose -3245 = -5*z - 5*d, 6*z - 3*z = -5*d + l. Is z composite?
False
Is (-60)/8*138/(-9) composite?
True
Let h(j) = 74*j + 1. Is h(2) composite?
False
Let g = -12 - -18. Is ((-2)/g)/1*-879 prime?
True
Suppose 2*s - 4*s = 8. Is s/(-22) + 294/77 composite?
True
Suppose -5*b - 968 = -3*m, -3*b + 346 = m - 0*b. Is m prime?
True
Let w(t) = -t**3 - 5*t**2 + 15*t - 11. Is w(-14) a prime number?
True
Let a(r) = -1 + 19*r + 2 - 4. Is a(2) composite?
True
Let n = -24 - -10. Let u(t) = 2*t + 2. Let v be u(-5). Let z = v - n. Is z composite?
True
Let g be (0 - 163/(-3))*-6. Let u = -141 - g. Is u prime?
False
Let y = -2 + -19. Is 2/(-7) + (-13341)/y a composite number?
True
Let v = -2 + 5. Suppose 3*i = 6, m + v*m = i + 6. Suppose m*r = -t + 39, 2*t = -4*r + 3*r + 12. Is r a prime number?
False
Let d(i) = -26*i**3 + 2*i**